{"id":2869,"date":"2022-11-21T16:14:34","date_gmt":"2022-11-21T15:14:34","guid":{"rendered":"https:\/\/virginiepetratos.com\/?page_id=2869"},"modified":"2023-07-17T16:19:35","modified_gmt":"2023-07-17T14:19:35","slug":"contact","status":"publish","type":"page","link":"https:\/\/virginiepetratos.com\/index.php\/contact\/","title":{"rendered":"Contact"},"content":{"rendered":"\t\t<div data-elementor-type=\"wp-page\" data-elementor-id=\"2869\" class=\"elementor elementor-2869\" data-elementor-post-type=\"page\">\n\t\t\t\t\t\t<section class=\"elementor-section elementor-top-section elementor-element elementor-element-13e9507 elementor-section-boxed elementor-section-height-default elementor-section-height-default\" data-id=\"13e9507\" data-element_type=\"section\" data-e-type=\"section\">\n\t\t\t\t\t\t\t<div class=\"elementor-background-overlay\"><\/div>\n\t\t\t\t\t\t\t<div class=\"elementor-container elementor-column-gap-default\">\n\t\t\t\t\t<div class=\"elementor-column elementor-col-50 elementor-top-column elementor-element elementor-element-7e4f308\" data-id=\"7e4f308\" data-element_type=\"column\" data-e-type=\"column\" data-settings=\"{&quot;background_background&quot;:&quot;classic&quot;}\">\n\t\t\t<div class=\"elementor-widget-wrap elementor-element-populated\">\n\t\t\t\t\t<div class=\"elementor-background-overlay\"><\/div>\n\t\t\t\t\t\t<div class=\"elementor-element elementor-element-e397a3b elementor-hidden-tablet elementor-widget elementor-widget-image\" data-id=\"e397a3b\" data-element_type=\"widget\" data-e-type=\"widget\" data-widget_type=\"image.default\">\n\t\t\t\t<div class=\"elementor-widget-container\">\n\t\t\t\t\t\t\t\t\t\t\t\t\t\t\t<img fetchpriority=\"high\" decoding=\"async\" width=\"800\" height=\"800\" src=\"https:\/\/virginiepetratos.com\/wp-content\/uploads\/2022\/10\/Moi_nb_portrait-1024x1024.webp\" class=\"attachment-large size-large wp-image-68\" alt=\"\" srcset=\"https:\/\/virginiepetratos.com\/wp-content\/uploads\/2022\/10\/Moi_nb_portrait-1024x1024.webp 1024w, https:\/\/virginiepetratos.com\/wp-content\/uploads\/2022\/10\/Moi_nb_portrait-300x300.webp 300w, https:\/\/virginiepetratos.com\/wp-content\/uploads\/2022\/10\/Moi_nb_portrait-100x100.webp 100w, https:\/\/virginiepetratos.com\/wp-content\/uploads\/2022\/10\/Moi_nb_portrait-600x600.webp 600w, https:\/\/virginiepetratos.com\/wp-content\/uploads\/2022\/10\/Moi_nb_portrait-150x150.webp 150w, https:\/\/virginiepetratos.com\/wp-content\/uploads\/2022\/10\/Moi_nb_portrait-768x768.webp 768w, https:\/\/virginiepetratos.com\/wp-content\/uploads\/2022\/10\/Moi_nb_portrait.webp 1228w\" sizes=\"(max-width: 800px) 100vw, 800px\" \/>\t\t\t\t\t\t\t\t\t\t\t\t\t\t\t<\/div>\n\t\t\t\t<\/div>\n\t\t\t\t\t<\/div>\n\t\t<\/div>\n\t\t\t\t<div class=\"elementor-column elementor-col-50 elementor-top-column elementor-element elementor-element-cd223d5\" data-id=\"cd223d5\" data-element_type=\"column\" data-e-type=\"column\">\n\t\t\t<div class=\"elementor-widget-wrap elementor-element-populated\">\n\t\t\t\t\t\t<div class=\"elementor-element elementor-element-4324c39 elementor-hidden-desktop elementor-hidden-mobile elementor-widget elementor-widget-image\" data-id=\"4324c39\" data-element_type=\"widget\" data-e-type=\"widget\" data-widget_type=\"image.default\">\n\t\t\t\t<div class=\"elementor-widget-container\">\n\t\t\t\t\t\t\t\t\t\t\t\t\t\t\t<img decoding=\"async\" width=\"800\" height=\"800\" src=\"https:\/\/virginiepetratos.com\/wp-content\/uploads\/2022\/11\/Etre_AT_Therapie.webp\" class=\"attachment-large size-large wp-image-1806\" alt=\"\" srcset=\"https:\/\/virginiepetratos.com\/wp-content\/uploads\/2022\/11\/Etre_AT_Therapie.webp 1003w, https:\/\/virginiepetratos.com\/wp-content\/uploads\/2022\/11\/Etre_AT_Therapie-300x300.webp 300w, https:\/\/virginiepetratos.com\/wp-content\/uploads\/2022\/11\/Etre_AT_Therapie-100x100.webp 100w, https:\/\/virginiepetratos.com\/wp-content\/uploads\/2022\/11\/Etre_AT_Therapie-600x600.webp 600w, https:\/\/virginiepetratos.com\/wp-content\/uploads\/2022\/11\/Etre_AT_Therapie-150x150.webp 150w, https:\/\/virginiepetratos.com\/wp-content\/uploads\/2022\/11\/Etre_AT_Therapie-768x768.webp 768w\" sizes=\"(max-width: 800px) 100vw, 800px\" \/>\t\t\t\t\t\t\t\t\t\t\t\t\t\t\t<\/div>\n\t\t\t\t<\/div>\n\t\t\t\t<div class=\"elementor-element elementor-element-e2ffd5a elementor-widget elementor-widget-image\" data-id=\"e2ffd5a\" data-element_type=\"widget\" data-e-type=\"widget\" data-widget_type=\"image.default\">\n\t\t\t\t<div class=\"elementor-widget-container\">\n\t\t\t\t\t\t\t\t\t\t\t\t\t\t\t<img decoding=\"async\" width=\"800\" height=\"342\" src=\"https:\/\/virginiepetratos.com\/wp-content\/uploads\/2022\/11\/Etre-logo-horiz.webp\" class=\"attachment-large size-large wp-image-2141\" alt=\"\" srcset=\"https:\/\/virginiepetratos.com\/wp-content\/uploads\/2022\/11\/Etre-logo-horiz.webp 926w, https:\/\/virginiepetratos.com\/wp-content\/uploads\/2022\/11\/Etre-logo-horiz-600x257.webp 600w, https:\/\/virginiepetratos.com\/wp-content\/uploads\/2022\/11\/Etre-logo-horiz-300x128.webp 300w, https:\/\/virginiepetratos.com\/wp-content\/uploads\/2022\/11\/Etre-logo-horiz-768x328.webp 768w\" sizes=\"(max-width: 800px) 100vw, 800px\" \/>\t\t\t\t\t\t\t\t\t\t\t\t\t\t\t<\/div>\n\t\t\t\t<\/div>\n\t\t\t\t<div class=\"elementor-element elementor-element-6e7a3f9 elementor-widget elementor-widget-text-editor\" data-id=\"6e7a3f9\" data-element_type=\"widget\" data-e-type=\"widget\" data-widget_type=\"text-editor.default\">\n\t\t\t\t<div class=\"elementor-widget-container\">\n\t\t\t\t\t\t\t\t\t<p>Si tu souhaites prendre un rendez-vous pour un accompagnement th\u00e9rapeutique, afin de te lib\u00e9rer de tout ce qui pourrait \u00eatre en lien avec des \u00e9motions n\u00e9gatives, tu peux me joindre au : <strong>07 83 01 66 76<\/strong><\/p>\t\t\t\t\t\t\t\t<\/div>\n\t\t\t\t<\/div>\n\t\t\t\t<div class=\"elementor-element elementor-element-a060c43 elementor-hidden-mobile elementor-widget elementor-widget-spacer\" data-id=\"a060c43\" data-element_type=\"widget\" data-e-type=\"widget\" data-widget_type=\"spacer.default\">\n\t\t\t\t<div class=\"elementor-widget-container\">\n\t\t\t\t\t\t\t<div class=\"elementor-spacer\">\n\t\t\t<div class=\"elementor-spacer-inner\"><\/div>\n\t\t<\/div>\n\t\t\t\t\t\t<\/div>\n\t\t\t\t<\/div>\n\t\t\t\t<div class=\"elementor-element elementor-element-e861010 elementor-hidden-desktop elementor-hidden-mobile elementor-widget elementor-widget-image\" data-id=\"e861010\" data-element_type=\"widget\" data-e-type=\"widget\" data-widget_type=\"image.default\">\n\t\t\t\t<div class=\"elementor-widget-container\">\n\t\t\t\t\t\t\t\t\t\t\t\t\t\t\t<img loading=\"lazy\" decoding=\"async\" width=\"800\" height=\"800\" src=\"https:\/\/virginiepetratos.com\/wp-content\/uploads\/2022\/11\/Com_AT_Face.webp\" class=\"attachment-large size-large wp-image-1804\" alt=\"\" srcset=\"https:\/\/virginiepetratos.com\/wp-content\/uploads\/2022\/11\/Com_AT_Face.webp 1022w, https:\/\/virginiepetratos.com\/wp-content\/uploads\/2022\/11\/Com_AT_Face-300x300.webp 300w, https:\/\/virginiepetratos.com\/wp-content\/uploads\/2022\/11\/Com_AT_Face-100x100.webp 100w, https:\/\/virginiepetratos.com\/wp-content\/uploads\/2022\/11\/Com_AT_Face-600x600.webp 600w, https:\/\/virginiepetratos.com\/wp-content\/uploads\/2022\/11\/Com_AT_Face-150x150.webp 150w, https:\/\/virginiepetratos.com\/wp-content\/uploads\/2022\/11\/Com_AT_Face-768x768.webp 768w\" sizes=\"(max-width: 800px) 100vw, 800px\" \/>\t\t\t\t\t\t\t\t\t\t\t\t\t\t\t<\/div>\n\t\t\t\t<\/div>\n\t\t\t\t<div class=\"elementor-element elementor-element-d243073 elementor-widget elementor-widget-image\" data-id=\"d243073\" data-element_type=\"widget\" data-e-type=\"widget\" data-widget_type=\"image.default\">\n\t\t\t\t<div class=\"elementor-widget-container\">\n\t\t\t\t\t\t\t\t\t\t\t\t\t\t\t<img loading=\"lazy\" decoding=\"async\" width=\"800\" height=\"336\" src=\"https:\/\/virginiepetratos.com\/wp-content\/uploads\/2022\/11\/Com-logo-horiz.webp\" class=\"attachment-large size-large wp-image-2142\" alt=\"\" srcset=\"https:\/\/virginiepetratos.com\/wp-content\/uploads\/2022\/11\/Com-logo-horiz.webp 924w, https:\/\/virginiepetratos.com\/wp-content\/uploads\/2022\/11\/Com-logo-horiz-600x252.webp 600w, https:\/\/virginiepetratos.com\/wp-content\/uploads\/2022\/11\/Com-logo-horiz-300x126.webp 300w, https:\/\/virginiepetratos.com\/wp-content\/uploads\/2022\/11\/Com-logo-horiz-768x322.webp 768w\" sizes=\"(max-width: 800px) 100vw, 800px\" \/>\t\t\t\t\t\t\t\t\t\t\t\t\t\t\t<\/div>\n\t\t\t\t<\/div>\n\t\t\t\t<div class=\"elementor-element elementor-element-749a777 elementor-widget elementor-widget-text-editor\" data-id=\"749a777\" data-element_type=\"widget\" data-e-type=\"widget\" data-widget_type=\"text-editor.default\">\n\t\t\t\t<div class=\"elementor-widget-container\">\n\t\t\t\t\t\t\t\t\t<p>Tu as besoin de conseils en COM&rsquo; et de cr\u00e9ations graphiques pour te d\u00e9marquer afin de lancer, d\u00e9velopper ou renouveler ton activit\u00e9 ?<\/p><div>Je t&rsquo;invite \u00e0 r\u00e9server ton rendez-vous gratuit pour que l&rsquo;on discute de ton projet et que je puisse te fournir un devis, en choisissant le cr\u00e9neau qui te convient ici :<\/div>\t\t\t\t\t\t\t\t<\/div>\n\t\t\t\t<\/div>\n\t\t\t\t<div class=\"elementor-element elementor-element-01fe0e4 elementor-align-center elementor-tablet-align-center elementor-widget elementor-widget-button\" data-id=\"01fe0e4\" data-element_type=\"widget\" data-e-type=\"widget\" data-widget_type=\"button.default\">\n\t\t\t\t<div class=\"elementor-widget-container\">\n\t\t\t\t\t\t\t\t\t<div class=\"elementor-button-wrapper\">\n\t\t\t\t\t<a class=\"elementor-button elementor-button-link elementor-size-sm elementor-animation-grow\" href=\"https:\/\/virginiepetratos.com\/index.php\/calendly\/\">\n\t\t\t\t\t\t<span class=\"elementor-button-content-wrapper\">\n\t\t\t\t\t\t\t\t\t<span class=\"elementor-button-text\">R\u00e9serve ton appel offert<\/span>\n\t\t\t\t\t<\/span>\n\t\t\t\t\t<\/a>\n\t\t\t\t<\/div>\n\t\t\t\t\t\t\t\t<\/div>\n\t\t\t\t<\/div>\n\t\t\t\t<div class=\"elementor-element elementor-element-14f00d5 elementor-widget elementor-widget-spacer\" data-id=\"14f00d5\" data-element_type=\"widget\" data-e-type=\"widget\" data-widget_type=\"spacer.default\">\n\t\t\t\t<div class=\"elementor-widget-container\">\n\t\t\t\t\t\t\t<div class=\"elementor-spacer\">\n\t\t\t<div class=\"elementor-spacer-inner\"><\/div>\n\t\t<\/div>\n\t\t\t\t\t\t<\/div>\n\t\t\t\t<\/div>\n\t\t\t\t<div class=\"elementor-element elementor-element-2c8f505 elementor-hidden-desktop elementor-hidden-mobile elementor-widget elementor-widget-image\" data-id=\"2c8f505\" data-element_type=\"widget\" data-e-type=\"widget\" data-widget_type=\"image.default\">\n\t\t\t\t<div class=\"elementor-widget-container\">\n\t\t\t\t\t\t\t\t\t\t\t\t\t\t\t<img loading=\"lazy\" decoding=\"async\" width=\"800\" height=\"800\" src=\"https:\/\/virginiepetratos.com\/wp-content\/uploads\/2022\/11\/Creer_AT_Avenircool-1024x1024.webp\" class=\"attachment-large size-large wp-image-1807\" alt=\"\" srcset=\"https:\/\/virginiepetratos.com\/wp-content\/uploads\/2022\/11\/Creer_AT_Avenircool-1024x1024.webp 1024w, https:\/\/virginiepetratos.com\/wp-content\/uploads\/2022\/11\/Creer_AT_Avenircool-300x300.webp 300w, https:\/\/virginiepetratos.com\/wp-content\/uploads\/2022\/11\/Creer_AT_Avenircool-100x100.webp 100w, https:\/\/virginiepetratos.com\/wp-content\/uploads\/2022\/11\/Creer_AT_Avenircool-600x600.webp 600w, https:\/\/virginiepetratos.com\/wp-content\/uploads\/2022\/11\/Creer_AT_Avenircool-150x150.webp 150w, https:\/\/virginiepetratos.com\/wp-content\/uploads\/2022\/11\/Creer_AT_Avenircool-768x768.webp 768w, https:\/\/virginiepetratos.com\/wp-content\/uploads\/2022\/11\/Creer_AT_Avenircool.webp 1028w\" sizes=\"(max-width: 800px) 100vw, 800px\" \/>\t\t\t\t\t\t\t\t\t\t\t\t\t\t\t<\/div>\n\t\t\t\t<\/div>\n\t\t\t\t<div class=\"elementor-element elementor-element-b2371a4 elementor-widget elementor-widget-image\" data-id=\"b2371a4\" data-element_type=\"widget\" data-e-type=\"widget\" data-widget_type=\"image.default\">\n\t\t\t\t<div class=\"elementor-widget-container\">\n\t\t\t\t\t\t\t\t\t\t\t\t\t\t\t<img loading=\"lazy\" decoding=\"async\" width=\"800\" height=\"336\" src=\"https:\/\/virginiepetratos.com\/wp-content\/uploads\/2022\/11\/Creer-logo-horiz.webp\" class=\"attachment-large size-large wp-image-2143\" alt=\"\" srcset=\"https:\/\/virginiepetratos.com\/wp-content\/uploads\/2022\/11\/Creer-logo-horiz.webp 925w, https:\/\/virginiepetratos.com\/wp-content\/uploads\/2022\/11\/Creer-logo-horiz-600x252.webp 600w, https:\/\/virginiepetratos.com\/wp-content\/uploads\/2022\/11\/Creer-logo-horiz-300x126.webp 300w, https:\/\/virginiepetratos.com\/wp-content\/uploads\/2022\/11\/Creer-logo-horiz-768x323.webp 768w\" sizes=\"(max-width: 800px) 100vw, 800px\" \/>\t\t\t\t\t\t\t\t\t\t\t\t\t\t\t<\/div>\n\t\t\t\t<\/div>\n\t\t\t\t<div class=\"elementor-element elementor-element-c81ad79 elementor-widget elementor-widget-text-editor\" data-id=\"c81ad79\" data-element_type=\"widget\" data-e-type=\"widget\" data-widget_type=\"text-editor.default\">\n\t\t\t\t<div class=\"elementor-widget-container\">\n\t\t\t\t\t\t\t\t\t<p>Tu aimerais acqu\u00e9rir une \u0153uvre originale ou son tirage ? Tu voudrais t&rsquo;offrir une phrase <strong>\u00ab\u00a0typosophique\u00a0\u00bb<\/strong> ? Tu souhaiterais tester une <strong>\u00ab\u00a0bo\u00eete \u00e0 intuitions\u00a0\u00bb<\/strong> personnalis\u00e9e ?<\/p><p>Je te propose de visiter ma boutique en ligne. Tu peux aussi m&rsquo;\u00e9crire ta demande de projet cr\u00e9a par mail : <b>vpetratos@gmail.com<\/b><\/p>\t\t\t\t\t\t\t\t<\/div>\n\t\t\t\t<\/div>\n\t\t\t\t\t<\/div>\n\t\t<\/div>\n\t\t\t\t\t<\/div>\n\t\t<\/section>\n\t\t\t\t<\/div>\n\t\t","protected":false},"excerpt":{"rendered":"<p>Si tu souhaites prendre un rendez-vous pour un accompagnement th\u00e9rapeutique, afin de te lib\u00e9rer de tout ce qui pourrait \u00eatre en lien avec des \u00e9motions n\u00e9gatives, tu peux me joindre au : 07 83 01 66 76 Tu as besoin de conseils en COM&rsquo; et de cr\u00e9ations graphiques pour te d\u00e9marquer afin de lancer, d\u00e9velopper [&hellip;]<\/p>\n","protected":false},"author":1,"featured_media":0,"parent":0,"menu_order":0,"comment_status":"closed","ping_status":"closed","template":"","meta":{"footnotes":""},"class_list":["post-2869","page","type-page","status-publish","hentry"],"_links":{"self":[{"href":"https:\/\/virginiepetratos.com\/index.php\/wp-json\/wp\/v2\/pages\/2869","targetHints":{"allow":["GET"]}}],"collection":[{"href":"https:\/\/virginiepetratos.com\/index.php\/wp-json\/wp\/v2\/pages"}],"about":[{"href":"https:\/\/virginiepetratos.com\/index.php\/wp-json\/wp\/v2\/types\/page"}],"author":[{"embeddable":true,"href":"https:\/\/virginiepetratos.com\/index.php\/wp-json\/wp\/v2\/users\/1"}],"replies":[{"embeddable":true,"href":"https:\/\/virginiepetratos.com\/index.php\/wp-json\/wp\/v2\/comments?post=2869"}],"version-history":[{"count":127,"href":"https:\/\/virginiepetratos.com\/index.php\/wp-json\/wp\/v2\/pages\/2869\/revisions"}],"predecessor-version":[{"id":7358,"href":"https:\/\/virginiepetratos.com\/index.php\/wp-json\/wp\/v2\/pages\/2869\/revisions\/7358"}],"wp:attachment":[{"href":"https:\/\/virginiepetratos.com\/index.php\/wp-json\/wp\/v2\/media?parent=2869"}],"curies":[{"name":"wp","href":"https:\/\/api.w.org\/{rel}","templated":true}]}}